{"id":2174,"date":"2020-01-11T16:30:39","date_gmt":"2020-01-11T16:30:39","guid":{"rendered":"https:\/\/www.bcnanimacio.com\/artista\/ambientacion-de-eventos\/"},"modified":"2026-04-08T15:21:04","modified_gmt":"2026-04-08T15:21:04","slug":"ambientacions","status":"publish","type":"dt_portfolio","link":"https:\/\/www.bcnanimacio.com\/ca\/artista\/ambientacions\/","title":{"rendered":"AMBIENTACIONS"},"content":{"rendered":"<p>[vc_row][vc_column width=&#8221;1\/2&#8243;][vc_single_image image=&#8221;2496&#8243; img_size=&#8221;full&#8221; alignment=&#8221;center&#8221;][vc_empty_space height=&#8221;30px&#8221;][\/vc_column][vc_column width=&#8221;1\/2&#8243;][vc_column_text]<\/p>\n<h2>AMBIENTACIONS<\/h2>\n<p data-start=\"133\" data-end=\"238\">Propostes musicals i art\u00edstiques dissenyades per crear l\u2019atmosfera perfecta en cada tipus d\u2019esdeveniment.<\/p>\n<p data-start=\"240\" data-end=\"428\">Des de formats elegants i subtils fins a opcions m\u00e9s din\u00e0miques i participatives, cada ambientaci\u00f3 s\u2019adapta a l\u2019espai, al p\u00fablic i al moment, aportant personalitat i estil a l\u2019experi\u00e8ncia.<\/p>\n<p data-start=\"430\" data-end=\"492\">Fes clic a cada opci\u00f3 per descobrir el v\u00eddeo de cada proposta.<\/p>\n<p>[\/vc_column_text][vc_empty_space height=&#8221;15px&#8221;][vc_empty_space height=&#8221;15px&#8221;][\/vc_column][\/vc_row][vc_row css=&#8221;.vc_custom_1582995928007{border-top-width: 20px !important;}&#8221;][vc_column width=&#8221;1\/3&#8243;][vc_empty_space height=&#8221;15px&#8221;][vc_video link=&#8221;https:\/\/youtu.be\/DhDC9ERfPUQ&#8221; align=&#8221;center&#8221;][vc_empty_space height=&#8221;15px&#8221;][vc_video link=&#8221;https:\/\/vimeo.com\/422350373&#8243; align=&#8221;center&#8221;][vc_empty_space height=&#8221;15px&#8221;][vc_video link=&#8221;https:\/\/youtu.be\/KvDlY0mk6GY&#8221; align=&#8221;center&#8221;][vc_empty_space height=&#8221;15px&#8221;][\/vc_column][vc_column width=&#8221;1\/3&#8243;][vc_empty_space height=&#8221;15px&#8221;][vc_video link=&#8221;https:\/\/youtu.be\/uMTkTLE6mFk&#8221; align=&#8221;center&#8221;][vc_empty_space height=&#8221;15px&#8221;][vc_video link=&#8221;https:\/\/youtu.be\/pe4gD6MgXmA&#8221; align=&#8221;center&#8221;][vc_empty_space height=&#8221;15px&#8221;][\/vc_column][vc_column width=&#8221;1\/3&#8243;][vc_empty_space height=&#8221;15px&#8221;][vc_video link=&#8221;https:\/\/youtu.be\/kQXkqu010jc&#8221; align=&#8221;center&#8221;][vc_empty_space height=&#8221;15px&#8221;][vc_video link=&#8221;https:\/\/vimeo.com\/183851042&#8243; align=&#8221;center&#8221;][vc_empty_space height=&#8221;15px&#8221;][\/vc_column][\/vc_row]<\/p>\n","protected":false},"excerpt":{"rendered":"<p>[vc_row][vc_column width=&#8221;1\/2&#8243;][vc_single_image image=&#8221;2496&#8243; img_size=&#8221;full&#8221; alignment=&#8221;center&#8221;][vc_empty_space height=&#8221;30px&#8221;][\/vc_column][vc_column width=&#8221;1\/2&#8243;][vc_column_text] AMBIENTACIONS Propostes musicals i art\u00edstiques dissenyades per crear l\u2019atmosfera perfecta en cada tipus d\u2019esdeveniment. Des de formats elegants i subtils fins a opcions m\u00e9s din\u00e0miques i participatives, cada ambientaci\u00f3 s\u2019adapta a l\u2019espai, al p\u00fablic i al moment, aportant personalitat i estil a l\u2019experi\u00e8ncia. Fes clic a cada opci\u00f3&hellip;<\/p>\n","protected":false},"author":3,"featured_media":2496,"comment_status":"closed","ping_status":"closed","template":"","dt_portfolio_category":[7],"dt_portfolio_tags":[],"class_list":["post-2174","dt_portfolio","type-dt_portfolio","status-publish","has-post-thumbnail","hentry","dt_portfolio_category-artistes","dt_portfolio_category-7","description-off"],"_links":{"self":[{"href":"https:\/\/www.bcnanimacio.com\/ca\/wp-json\/wp\/v2\/dt_portfolio\/2174","targetHints":{"allow":["GET"]}}],"collection":[{"href":"https:\/\/www.bcnanimacio.com\/ca\/wp-json\/wp\/v2\/dt_portfolio"}],"about":[{"href":"https:\/\/www.bcnanimacio.com\/ca\/wp-json\/wp\/v2\/types\/dt_portfolio"}],"author":[{"embeddable":true,"href":"https:\/\/www.bcnanimacio.com\/ca\/wp-json\/wp\/v2\/users\/3"}],"replies":[{"embeddable":true,"href":"https:\/\/www.bcnanimacio.com\/ca\/wp-json\/wp\/v2\/comments?post=2174"}],"version-history":[{"count":12,"href":"https:\/\/www.bcnanimacio.com\/ca\/wp-json\/wp\/v2\/dt_portfolio\/2174\/revisions"}],"predecessor-version":[{"id":4036,"href":"https:\/\/www.bcnanimacio.com\/ca\/wp-json\/wp\/v2\/dt_portfolio\/2174\/revisions\/4036"}],"wp:featuredmedia":[{"embeddable":true,"href":"https:\/\/www.bcnanimacio.com\/ca\/wp-json\/wp\/v2\/media\/2496"}],"wp:attachment":[{"href":"https:\/\/www.bcnanimacio.com\/ca\/wp-json\/wp\/v2\/media?parent=2174"}],"wp:term":[{"taxonomy":"dt_portfolio_category","embeddable":true,"href":"https:\/\/www.bcnanimacio.com\/ca\/wp-json\/wp\/v2\/dt_portfolio_category?post=2174"},{"taxonomy":"dt_portfolio_tags","embeddable":true,"href":"https:\/\/www.bcnanimacio.com\/ca\/wp-json\/wp\/v2\/dt_portfolio_tags?post=2174"}],"curies":[{"name":"wp","href":"https:\/\/api.w.org\/{rel}","templated":true}]}}

<p>[vc_row][vc_column width=&#8221;1/2&#8243;][vc_single_image image=&#8221;2496&#8243; img_size=&#8221;full&#8221; alignment=&#8221;center&#8221;][vc_empty_space height=&#8221;30px&#8221;][/vc_column][vc_column width=&#8221;1/2&#8243;][vc_column_text]</p>
<h2>AMBIENTACIONS</h2>
<p data-start="133" data-end="238">Propostes musicals i artístiques dissenyades per crear l’atmosfera perfecta en cada tipus d’esdeveniment.</p>
<p data-start="240" data-end="428">Des de formats elegants i subtils fins a opcions més dinàmiques i participatives, cada ambientació s’adapta a l’espai, al públic i al moment, aportant personalitat i estil a l’experiència.</p>
<p data-start="430" data-end="492">Fes clic a cada opció per descobrir el vídeo de cada proposta.</p>
<p>[/vc_column_text][vc_empty_space height=&#8221;15px&#8221;][vc_empty_space height=&#8221;15px&#8221;][/vc_column][/vc_row][vc_row css=&#8221;.vc_custom_1582995928007{border-top-width: 20px !important;}&#8221;][vc_column width=&#8221;1/3&#8243;][vc_empty_space height=&#8221;15px&#8221;][vc_video link=&#8221;https://youtu.be/DhDC9ERfPUQ&#8221; align=&#8221;center&#8221;][vc_empty_space height=&#8221;15px&#8221;][vc_video link=&#8221;https://vimeo.com/422350373&#8243; align=&#8221;center&#8221;][vc_empty_space height=&#8221;15px&#8221;][vc_video link=&#8221;https://youtu.be/KvDlY0mk6GY&#8221; align=&#8221;center&#8221;][vc_empty_space height=&#8221;15px&#8221;][/vc_column][vc_column width=&#8221;1/3&#8243;][vc_empty_space height=&#8221;15px&#8221;][vc_video link=&#8221;https://youtu.be/uMTkTLE6mFk&#8221; align=&#8221;center&#8221;][vc_empty_space height=&#8221;15px&#8221;][vc_video link=&#8221;https://youtu.be/pe4gD6MgXmA&#8221; align=&#8221;center&#8221;][vc_empty_space height=&#8221;15px&#8221;][/vc_column][vc_column width=&#8221;1/3&#8243;][vc_empty_space height=&#8221;15px&#8221;][vc_video link=&#8221;https://youtu.be/kQXkqu010jc&#8221; align=&#8221;center&#8221;][vc_empty_space height=&#8221;15px&#8221;][vc_video link=&#8221;https://vimeo.com/183851042&#8243; align=&#8221;center&#8221;][vc_empty_space height=&#8221;15px&#8221;][/vc_column][/vc_row]</p>

<p>[vc_row][vc_column width=&#8221;1/2&#8243;][vc_single_image image=&#8221;2496&#8243; img_size=&#8221;full&#8221; alignment=&#8221;center&#8221;][vc_empty_space height=&#8221;30px&#8221;][/vc_column][vc_column width=&#8221;1/2&#8243;][vc_column_text] AMBIENTACIONS Propostes musicals i artístiques dissenyades per crear l’atmosfera perfecta en cada tipus d’esdeveniment. Des de formats elegants i subtils fins a opcions més dinàmiques i participatives, cada ambientació s’adapta a l’espai, al públic i al moment, aportant personalitat i estil a l’experiència. Fes clic a cada opció&hellip;</p>
