{"id":2090,"date":"2021-10-31T15:19:59","date_gmt":"2021-10-31T15:19:59","guid":{"rendered":"https:\/\/www.bcnanimacio.com\/?post_type=dt_portfolio&#038;p=2090"},"modified":"2026-04-08T15:54:48","modified_gmt":"2026-04-08T15:54:48","slug":"andorra-animacio-2","status":"publish","type":"dt_portfolio","link":"https:\/\/www.bcnanimacio.com\/ca\/artista\/andorra-animacio-2\/","title":{"rendered":"ANDORRA ANIMACI\u00d3"},"content":{"rendered":"<p>[vc_row][vc_column width=&#8221;1\/2&#8243;][vc_single_image image=&#8221;2299&#8243; img_size=&#8221;large&#8221; alignment=&#8221;center&#8221;][vc_empty_space height=&#8221;30px&#8221;][\/vc_column][vc_column width=&#8221;1\/2&#8243;][vc_column_text]<\/p>\n<h2>ANDORRA ANIMACI\u00d3<\/h2>\n<p>Des de l&#8217;any 1990 Barcelona Animaci\u00f3 disposa de delegaci\u00f3 a Andorra.<\/p>\n<p>Amb m\u00e9s de 30 anys d\u2019hist\u00f2ria hem esdevingut l\u2019empresa de contractaci\u00f3 d\u2019espectacles i organitzaci\u00f3 d\u2019esdeveniments culturals degana del Principat d\u2019Andorra.<\/p>\n<p>Els set Comuns, el Govern d\u2019Andorra a trave\u0301s dels seus ministeris i departaments i les principals empreses del mo\u0301n turi\u0301stic, comercial i financer, ens sol\u00b7liciten habitualment solucions arti\u0301stiques com d\u2019infraestructura per garantir l\u2019e\u0300xit dels seus esdeveniments que planifiquen per al seu pu\u0301blic i clients.[\/vc_column_text][vc_empty_space height=&#8221;15px&#8221;][vc_empty_space height=&#8221;15px&#8221;][\/vc_column][\/vc_row][vc_row][vc_column width=&#8221;1\/3&#8243;][vc_empty_space height=&#8221;15px&#8221;][vc_video link=&#8221;https:\/\/vimeo.com\/462410780&#8243; align=&#8221;center&#8221;][vc_empty_space height=&#8221;15px&#8221;][\/vc_column][vc_column width=&#8221;1\/3&#8243;][\/vc_column][vc_column width=&#8221;1\/3&#8243;][\/vc_column][\/vc_row]<\/p>\n","protected":false},"excerpt":{"rendered":"<p>[vc_row][vc_column width=&#8221;1\/2&#8243;][vc_single_image image=&#8221;2299&#8243; img_size=&#8221;large&#8221; alignment=&#8221;center&#8221;][vc_empty_space height=&#8221;30px&#8221;][\/vc_column][vc_column width=&#8221;1\/2&#8243;][vc_column_text] ANDORRA ANIMACI\u00d3 Des de l&#8217;any 1990 Barcelona Animaci\u00f3 disposa de delegaci\u00f3 a Andorra. Amb m\u00e9s de 30 anys d\u2019hist\u00f2ria hem esdevingut l\u2019empresa de contractaci\u00f3 d\u2019espectacles i organitzaci\u00f3 d\u2019esdeveniments culturals degana del Principat d\u2019Andorra. Els set Comuns, el Govern d\u2019Andorra a trave\u0301s dels seus ministeris i departaments i les&hellip;<\/p>\n","protected":false},"author":7,"featured_media":2114,"comment_status":"closed","ping_status":"closed","template":"","dt_portfolio_category":[7],"dt_portfolio_tags":[],"class_list":["post-2090","dt_portfolio","type-dt_portfolio","status-publish","has-post-thumbnail","hentry","dt_portfolio_category-artistes","dt_portfolio_category-7","description-off"],"_links":{"self":[{"href":"https:\/\/www.bcnanimacio.com\/ca\/wp-json\/wp\/v2\/dt_portfolio\/2090","targetHints":{"allow":["GET"]}}],"collection":[{"href":"https:\/\/www.bcnanimacio.com\/ca\/wp-json\/wp\/v2\/dt_portfolio"}],"about":[{"href":"https:\/\/www.bcnanimacio.com\/ca\/wp-json\/wp\/v2\/types\/dt_portfolio"}],"author":[{"embeddable":true,"href":"https:\/\/www.bcnanimacio.com\/ca\/wp-json\/wp\/v2\/users\/7"}],"replies":[{"embeddable":true,"href":"https:\/\/www.bcnanimacio.com\/ca\/wp-json\/wp\/v2\/comments?post=2090"}],"version-history":[{"count":13,"href":"https:\/\/www.bcnanimacio.com\/ca\/wp-json\/wp\/v2\/dt_portfolio\/2090\/revisions"}],"predecessor-version":[{"id":4043,"href":"https:\/\/www.bcnanimacio.com\/ca\/wp-json\/wp\/v2\/dt_portfolio\/2090\/revisions\/4043"}],"wp:featuredmedia":[{"embeddable":true,"href":"https:\/\/www.bcnanimacio.com\/ca\/wp-json\/wp\/v2\/media\/2114"}],"wp:attachment":[{"href":"https:\/\/www.bcnanimacio.com\/ca\/wp-json\/wp\/v2\/media?parent=2090"}],"wp:term":[{"taxonomy":"dt_portfolio_category","embeddable":true,"href":"https:\/\/www.bcnanimacio.com\/ca\/wp-json\/wp\/v2\/dt_portfolio_category?post=2090"},{"taxonomy":"dt_portfolio_tags","embeddable":true,"href":"https:\/\/www.bcnanimacio.com\/ca\/wp-json\/wp\/v2\/dt_portfolio_tags?post=2090"}],"curies":[{"name":"wp","href":"https:\/\/api.w.org\/{rel}","templated":true}]}}

ANDORRA ANIMACIÓ

<p>[vc_row][vc_column width=&#8221;1/2&#8243;][vc_single_image image=&#8221;2299&#8243; img_size=&#8221;large&#8221; alignment=&#8221;center&#8221;][vc_empty_space height=&#8221;30px&#8221;][/vc_column][vc_column width=&#8221;1/2&#8243;][vc_column_text]</p>
<h2>ANDORRA ANIMACIÓ</h2>
<p>Des de l&#8217;any 1990 Barcelona Animació disposa de delegació a Andorra.</p>
<p>Amb més de 30 anys d’història hem esdevingut l’empresa de contractació d’espectacles i organització d’esdeveniments culturals degana del Principat d’Andorra.</p>
<p>Els set Comuns, el Govern d’Andorra a través dels seus ministeris i departaments i les principals empreses del món turístic, comercial i financer, ens sol·liciten habitualment solucions artístiques com d’infraestructura per garantir l’èxit dels seus esdeveniments que planifiquen per al seu públic i clients.[/vc_column_text][vc_empty_space height=&#8221;15px&#8221;][vc_empty_space height=&#8221;15px&#8221;][/vc_column][/vc_row][vc_row][vc_column width=&#8221;1/3&#8243;][vc_empty_space height=&#8221;15px&#8221;][vc_video link=&#8221;https://vimeo.com/462410780&#8243; align=&#8221;center&#8221;][vc_empty_space height=&#8221;15px&#8221;][/vc_column][vc_column width=&#8221;1/3&#8243;][/vc_column][vc_column width=&#8221;1/3&#8243;][/vc_column][/vc_row]</p>

<p>[vc_row][vc_column width=&#8221;1/2&#8243;][vc_single_image image=&#8221;2299&#8243; img_size=&#8221;large&#8221; alignment=&#8221;center&#8221;][vc_empty_space height=&#8221;30px&#8221;][/vc_column][vc_column width=&#8221;1/2&#8243;][vc_column_text] ANDORRA ANIMACIÓ Des de l&#8217;any 1990 Barcelona Animació disposa de delegació a Andorra. Amb més de 30 anys d’història hem esdevingut l’empresa de contractació d’espectacles i organització d’esdeveniments culturals degana del Principat d’Andorra. Els set Comuns, el Govern d’Andorra a través dels seus ministeris i departaments i les&hellip;</p>
